e the greatest common divisor of v and 261.
29
Let r be (-15)/(-9)*54/15. Suppose -2 = -4*w + 6. What is the greatest common factor of r and w?
2
Suppose 4*g - 22 = 5*u, 6*g + 3*u = 10*g - 18. Suppose -3*w + 99 = -4*j, -5*w + 46 = j - 119. Calculate the greatest common divisor of g and w.
3
Suppose 0*c = -c - p + 28, -4*p = -2*c + 68. Let r(s) = 6*s**2 - 2*s - 3. Let n be r(3). What is the highest common divisor of n and c?
15
Let g = -199 + 545. Suppose -3*o = -2*w - g, -5*o - 2*w + 565 = -3*w. Calculate the greatest common divisor of 16 and o.
16
Let b = -632 + 633. What is the greatest common factor of 31 and b?
1
Suppose -g + 5*d + 522 + 63 = 0, 0 = g + d - 615. Calculate the greatest common divisor of 10 and g.
10
Suppose 32*u = 25*u + 2170. Calculate the greatest common factor of u and 31.
31
Let v(l) = -l**2 + 28*l - 52. Let r be v(12). Suppose -4*t + 89 - 9 = 0. Calculate the greatest common factor of t and r.
20
Let x be (-3)/((12/9)/(-4)). Let h(y) = 4*y**2 - 31*y + 5. Let r be h(x). What is the greatest common factor of 20 and r?
10
Let w = -1066 + 1250. Calculate the greatest common divisor of w and 1196.
92
Let b(w) = 8*w**2 + w + 2. Let d be b(-1). What is the highest common divisor of 9 and d?
9
Suppose 2*m - 15 = 7*m. Let q be (5/m*1)/((-1)/6). Calculate the highest common divisor of 130 and q.
10
Suppose -2*p = -2*h + 576, -2*h + 309 + 264 = p. What is the greatest common factor of 41 and h?
41
Let j(u) = u**2 - 26*u + 148. Let v be j(7). Let d(n) = -10*n**2 - 3*n - 2. Let l be d(3). Let z = 221 + l. Calculate the highest common divisor of v and z.
15
Let x be (16/(-20))/((3/30)/(-1)). Let q = 53 + 19. Calculate the greatest common factor of q and x.
8
Suppose -5*x + 88 + 32 = 0. Suppose -7 = 3*k - 10. Let y be (k - 0/(-5)) + 5. What is the greatest common factor of y and x?
6
Let o(i) = i**3 + 11*i**2 + 9*i - 4. Let q be o(-10). Suppose t - 16 = -4*u, -14*u = -3*t - 19*u + 41. What is the highest common divisor of q and t?
6
Suppose 2*c = -6, 6*c = 3*k + 7*c - 30. Calculate the highest common divisor of k and 209.
11
Suppose 26*j = 4657 + 179. What is the highest common factor of 6 and j?
6
Let b(l) = l**3 + 11*l**2 - l + 9. Let s be b(-10). What is the greatest common divisor of s and 7?
7
Suppose -5*a = -2*l + 25, -l - 2*l - 2*a + 9 = 0. Suppose 0 = l*q - 17*q + 24. Calculate the greatest common factor of 5 and q.
1
Let q = -2813 - -4731. Calculate the highest common divisor of 14 and q.
14
Let w be 50/6 + 2/(-6). Suppose 0 = -3*u + 5*u - 10. Suppose 5*g - 3*g - 26 = u*b, -2*g = -4*b - 24. What is the highest common divisor of g and w?
8
Let j(l) = 88*l**3 - l**2 + 8*l - 7. Let z be j(1). What is the highest common factor of 40 and z?
8
Suppose 367 = k - 13*f + 18*f, 351 = k - 3*f. What is the greatest common factor of k and 2023?
119
Let j = -21 - -41. Let g be 10/15 - (-308)/6. Suppose -2*f = 2*l + 2*l - 40, g = 5*l + 3*f. Calculate the greatest common factor of l and j.
4
Suppose -3*n = -4*m + 2*n - 149, -3*n = -3. Let w = m + 108. Suppose -3*t - 21 + 9 = 0, 2*y = 4*t + 34. What is the highest common divisor of y and w?
9
Let h(i) = -i - 1. Let s be h(-1). Suppose -5*t + 217 + 3 = s. What is the greatest common divisor of 11 and t?
11
Let v(x) be the first derivative of -x + 5 - 61/2*x**2. Let d be v(-2). Calculate the greatest common factor of 11 and d.
11
Let i(b) = b**2 - 17*b - 94. Let t be i(31). What is the highest common divisor of t and 100?
20
Let x be 4*(-1 - 145/(-20)). Calculate the greatest common divisor of x and 75.
25
Suppose 4*k = 71 + 37. Let i(w) = 4*w**2 + 373*w - 744. Let c be i(2). Calculate the highest common factor of k and c.
9
Suppose -4*i = t - 69, 9*i + t - 33 = 7*i. What is the greatest common factor of 738 and i?
18
Let l(x) be the third derivative of -x**6/120 + x**5/12 + x**4/8 + x**3/3 - x**2. Let g be l(5). Let u = g - -5. What is the highest common divisor of u and 11?
11
Suppose 0 = 3*q - q. Suppose -4*r - 142 = -2*n, q*n - 70 = -n + r. Calculate the highest common divisor of n and 23.
23
Suppose -26 = -b + 3*t, -2 = 5*b - 3*t - 108. Calculate the highest common factor of b and 590.
10
Suppose 3*w = -2*w + 10, 2*w = 4*q + 4. Suppose 2*p + 4*j - 32 = -2*p, -j + 3 = q. Let m be 852/30 - 2/p. What is the highest common factor of m and 4?
4
Suppose 5*g - 27 = -2*v + 37, 4*v = 3*g - 28. Let r be 10/(-4)*g*14/(-42). Calculate the greatest common factor of r and 25.
5
Suppose -1031 = -21*q + 1699. Calculate the highest common factor of q and 10.
10
Let l be (2 - 4 - -3)*207. Let v be 24/20*(-20)/(-6). Suppose 0 = -3*d - v*c + 89, 26 = 2*d - 4*c - 0*c. What is the highest common factor of d and l?
23
Let t be (60/(-50)*5)/((-15)/30). Suppose 0 = 4*q + 3*h - 192 - 183, 0 = 3*q - 2*h - 294. Calculate the highest common divisor of t and q.
12
Let m = 335 - 326. What is the greatest common divisor of 621 and m?
9
Let f = 11 + -5. Let l be 3/f - 6/(-4). Let j be (l*1)/(15/675). Calculate the greatest common factor of j and 10.
10
Let h = -47 + 72. Let c(i) = 2*i. Let y be c(2). Suppose y*k = -k + 125. What is the greatest common divisor of k and h?
25
Let i be -68 + (-6 - -1) - (5 + -2). Let k(d) = -d**3 - 4*d**2 + 8*d - 4. Let z be k(-8). Let f = z + i. Calculate the highest common divisor of 14 and f.
14
Suppose 3*h - 107 = 85. Let j = 56 - 61. Let u be 2/j*(-22 - -2). What is the highest common factor of u and h?
8
Let y = 47 - 113. Let i = -24 - y. Calculate the greatest common divisor of i and 28.
14
Let y = -340 - -359. Calculate the greatest common divisor of 19 and y.
19
Suppose -17*z + 1205 = -2348. What is the highest common factor of 19 and z?
19
Let n(u) = 126*u**2. Let p be n(1). Suppose 3693 = -46*w + 256*w - 87. What is the highest common factor of w and p?
18
Suppose 16*p - 189 = 259. Let r(j) = 23*j**3 - j**2 - j. Let d be r(1). What is the highest common divisor of p and d?
7
Suppose o = -2 + 5, z + 3*o - 11 = 0. Suppose 4 = z*d, -3*r + 320 = -d - d. What is the greatest common factor of r and 270?
54
Let b(p) = -p**2 + 11*p + 38. Let v be b(12). Calculate the highest common divisor of v and 442.
26
Let m(f) = 2*f**2 + 4*f + 2. Let x be m(-2). Let o be 50/30 - (-3)/9. What is the greatest common divisor of o and x?
2
Suppose 0 = x + t + 74 - 627, 3*t + 1635 = 3*x. Calculate the greatest common divisor of 9 and x.
9
Let s be ((-120)/75)/((8/(-30))/(-2)). Let m be ((-15)/35)/((-4)/(-21))*s. Calculate the greatest common factor of m and 9.
9
Suppose 33*k - 34*k = 124. Let n = 223 + k. Calculate the highest common divisor of 9 and n.
9
Suppose -4*i + 2*i = 358. Let b = 316 - i. Suppose c = -4*c + b. What is the highest common factor of c and 9?
9
Let m = 222 - 245. Suppose q + 2*q + 30 = -3*n, 5*q = n - 20. Let k = n - m. Calculate the greatest common divisor of k and 12.
6
Let c(w) = 12 - 5 - 177*w + 3*w**2 + 178*w. Let v be c(8). Calculate the greatest common factor of v and 23.
23
Suppose 6*b - 14 - 4 = 0. Suppose s + 13 = x, -s - 3*s = -b*x + 41. Let i = 39 - -16. What is the highest common divisor of x and i?
11
Let o = 72 + -76. Let i(j) = -j**3 + 5*j**2 + 5*j. Let d be i(o). What is the greatest common divisor of 31 and d?
31
Suppose 10 = 4*y - l, -8*l + 2 = -2*y - 11*l. Let c(i) = i**2 + 1. Let k be c(-2). What is the greatest common divisor of y and k?
1
Suppose -2*d - d + 4*a + 233 = 0, -3*a = 5*d - 340. Calculate the highest common divisor of d and 497.
71
Let s = 29 - 29. Suppose s = 2*f - 5*f + c + 35, 4*c = -5*f + 47. What is the highest common divisor of f and 11?
11
Suppose 0*y = 2*y - 20. Suppose 98 = -13*b + 488. What is the highest common factor of y and b?
10
Let x be 3/3 - 7/((-21)/6). What is the greatest common factor of x and 543?
3
Suppose 36 + 62 = 2*i + 4*b, 4*i - 3*b - 196 = 0. Suppose i*u = 52*u - 90. What is the highest common divisor of u and 30?
30
Suppose -22 = 5*w - 382. Suppose -14 = 5*p - 44. Suppose 4*y + p*y = 80. Calculate the greatest common divisor of w and y.
8
Suppose -o + 1 = -9. Suppose 13*b - 60 = o*b. Let z be 181 - ((-4 - -3) + 2). What is the greatest common factor of z and b?
20
Suppose 9*g - 41 + 32 = 0. Suppose 23 - 1 = 2*q. Calculate the greatest common factor of g and q.
1
Let i be 7*1 + -14 + 99. What is the greatest common d